{"id":256,"date":"2024-07-22T22:11:53","date_gmt":"2024-07-22T20:11:53","guid":{"rendered":"http:\/\/boguszyce.archidiecezja.wroc.pl\/?page_id=256"},"modified":"2026-05-13T14:22:38","modified_gmt":"2026-05-13T12:22:38","slug":"dokumenty","status":"publish","type":"page","link":"http:\/\/boguszyce.archidiecezja.wroc.pl\/?page_id=256","title":{"rendered":"Dokumenty"},"content":{"rendered":"\n<p><strong><a href=\"https:\/\/drive.google.com\/file\/d\/140BWCsCRLMphPqQppAmf4sBmRBTsINZk\/view?usp=sharing\" data-type=\"URL\" data-id=\"https:\/\/drive.google.com\/file\/d\/140BWCsCRLMphPqQppAmf4sBmRBTsINZk\/view?usp=sharing\">STANDARDY OCHRONY MA\u0141OLETNICH DO STOSOWANIA W PARAFII PW. NMP NIEUSTAJ\u0104CEJ POMOCY W BOGUSZYCACH &#8211; PDF<\/a><\/strong><\/p>\n\n\n\n<ul>\n<li><a rel=\"noreferrer noopener\" href=\"https:\/\/www.archidiecezja.wroc.pl\/pliki\/ustawa_ochrona_dzieci_mlodziezy.pdf\" target=\"_blank\">Ustawa o obowi\u0105zku troski o ochron\u0119 dzieci i m\u0142odzie\u017cy w Archidiecezji Wroc\u0142awskiej<\/a><\/li>\n\n\n\n<li><a rel=\"noreferrer noopener\" href=\"https:\/\/www.archidiecezja.wroc.pl\/pliki\/instrukcja_ochrona_dzieci_mlodziezy.pdf\" target=\"_blank\">Wytyczne dotycz\u0105ce ochrony dzieci i m\u0142odzie\u017cy w Archidiecezji Wroc\u0142awskiej<\/a><\/li>\n<\/ul>\n\n\n\n<p>W razie podejrzenia narusze\u0144 powy\u017cszych Standard\u00f3w w Parafii, prosimy o kontakt mailowy:<br>&#8211; <a href=\"mailto:monika_sliwinska@op.pl\" data-type=\"mailto\" data-id=\"mailto:monika_sliwinska@op.pl\">Monika \u015aliwi\u0144ska<\/a><br>&#8211; <a href=\"mailto:cichoszar@gmail.com\">Arkadiusz Cichosz<\/a> <\/p>\n\n\n\n<p><\/p>\n","protected":false},"excerpt":{"rendered":"<p>STANDARDY OCHRONY MA\u0141OLETNICH DO STOSOWANIA W PARAFII PW. NMP NIEUSTAJ\u0104CEJ POMOCY W BOGUSZYCACH &#8211; PDF W razie podejrzenia narusze\u0144 powy\u017cszych Standard\u00f3w w Parafii, prosimy o<\/p>\n","protected":false},"author":2,"featured_media":0,"parent":0,"menu_order":0,"comment_status":"closed","ping_status":"closed","template":"","meta":[],"_links":{"self":[{"href":"http:\/\/boguszyce.archidiecezja.wroc.pl\/index.php?rest_route=\/wp\/v2\/pages\/256"}],"collection":[{"href":"http:\/\/boguszyce.archidiecezja.wroc.pl\/index.php?rest_route=\/wp\/v2\/pages"}],"about":[{"href":"http:\/\/boguszyce.archidiecezja.wroc.pl\/index.php?rest_route=\/wp\/v2\/types\/page"}],"author":[{"embeddable":true,"href":"http:\/\/boguszyce.archidiecezja.wroc.pl\/index.php?rest_route=\/wp\/v2\/users\/2"}],"replies":[{"embeddable":true,"href":"http:\/\/boguszyce.archidiecezja.wroc.pl\/index.php?rest_route=%2Fwp%2Fv2%2Fcomments&post=256"}],"version-history":[{"count":17,"href":"http:\/\/boguszyce.archidiecezja.wroc.pl\/index.php?rest_route=\/wp\/v2\/pages\/256\/revisions"}],"predecessor-version":[{"id":491,"href":"http:\/\/boguszyce.archidiecezja.wroc.pl\/index.php?rest_route=\/wp\/v2\/pages\/256\/revisions\/491"}],"wp:attachment":[{"href":"http:\/\/boguszyce.archidiecezja.wroc.pl\/index.php?rest_route=%2Fwp%2Fv2%2Fmedia&parent=256"}],"curies":[{"name":"wp","href":"https:\/\/api.w.org\/{rel}","templated":true}]}}