{"id":201,"date":"2020-10-29T10:17:37","date_gmt":"2020-10-29T09:17:37","guid":{"rendered":"http:\/\/boguszyce.archidiecezja.wroc.pl\/?page_id=201"},"modified":"2020-10-29T10:17:37","modified_gmt":"2020-10-29T09:17:37","slug":"slub","status":"publish","type":"page","link":"http:\/\/boguszyce.archidiecezja.wroc.pl\/?page_id=201","title":{"rendered":"\u015alub"},"content":{"rendered":"\n<p><strong>Dokumenty&nbsp;niezb\u0119dne do zawarcia&nbsp;\u015blubu&nbsp;ko\u015bcielnego:<\/strong><\/p>\n\n\n\n<ul><li>Dowody osobiste.<\/li><li>Metryki chrztu \u2013 nie starsze ni\u017c 3-miesi\u0119czne.<\/li><li>Za\u015bwiadczenia o bierzmowaniu.<\/li><li>\u015awiadectwa nauki religii<\/li><li>Potwierdzenie nauk przedma\u0142\u017ce\u0144skich i odbycia spotka\u0144 w poradni rodzinnej.<\/li><li>Za\u015bwiadczenie o wyg\u0142oszeniu zapowiedzi, je\u017celi g\u0142oszone by\u0142y w innej parafii.<\/li><li>Za\u015bwiadczenia o spowiedzi.<\/li><\/ul>\n","protected":false},"excerpt":{"rendered":"<p>Dokumenty&nbsp;niezb\u0119dne do zawarcia&nbsp;\u015blubu&nbsp;ko\u015bcielnego: Dowody osobiste. Metryki chrztu \u2013 nie starsze ni\u017c 3-miesi\u0119czne. Za\u015bwiadczenia o bierzmowaniu. \u015awiadectwa nauki religii Potwierdzenie nauk przedma\u0142\u017ce\u0144skich i odbycia spotka\u0144 w<\/p>\n","protected":false},"author":2,"featured_media":0,"parent":0,"menu_order":0,"comment_status":"closed","ping_status":"closed","template":"","meta":[],"_links":{"self":[{"href":"http:\/\/boguszyce.archidiecezja.wroc.pl\/index.php?rest_route=\/wp\/v2\/pages\/201"}],"collection":[{"href":"http:\/\/boguszyce.archidiecezja.wroc.pl\/index.php?rest_route=\/wp\/v2\/pages"}],"about":[{"href":"http:\/\/boguszyce.archidiecezja.wroc.pl\/index.php?rest_route=\/wp\/v2\/types\/page"}],"author":[{"embeddable":true,"href":"http:\/\/boguszyce.archidiecezja.wroc.pl\/index.php?rest_route=\/wp\/v2\/users\/2"}],"replies":[{"embeddable":true,"href":"http:\/\/boguszyce.archidiecezja.wroc.pl\/index.php?rest_route=%2Fwp%2Fv2%2Fcomments&post=201"}],"version-history":[{"count":1,"href":"http:\/\/boguszyce.archidiecezja.wroc.pl\/index.php?rest_route=\/wp\/v2\/pages\/201\/revisions"}],"predecessor-version":[{"id":202,"href":"http:\/\/boguszyce.archidiecezja.wroc.pl\/index.php?rest_route=\/wp\/v2\/pages\/201\/revisions\/202"}],"wp:attachment":[{"href":"http:\/\/boguszyce.archidiecezja.wroc.pl\/index.php?rest_route=%2Fwp%2Fv2%2Fmedia&parent=201"}],"curies":[{"name":"wp","href":"https:\/\/api.w.org\/{rel}","templated":true}]}}